 m(a)?
-2
Let v = 117 - 117. Let u(q) = -q**2 + 2*q**2 - q - 2*q**2. What is u(v)?
0
Let h(t) = -53*t**2 - 55*t**2 - 47*t**2 + 156*t**2 + 9 - 13*t. Calculate h(8).
-31
Suppose -3*h = -h, 2*m = -4*h + 4. Let q(w) = -6*w**2 + 8*w**3 + 1 + 5*w**2 - w**m. Suppose s + 2*s - 3 = 0. Give q(s).
7
Let h be (-3 - (-5 - -1))*2. Suppose -3*g - 10 = -8*g. Let a(j) = -3*j**g + 1 + 5*j**2 - 2*j - j**2. What is a(h)?
1
Let q(f) = 2*f**2 - 3*f + 1. Suppose 20 = -0*p + 4*p + 4*z, -5*p = -4*z + 2. Determine q(p).
3
Let m(z) = -2*z**3 + 22*z**2 - 7*z - 15*z**2 + z**3. Calculate m(6).
-6
Let s(k) = -3*k + 3 + 1 + 3*k - 3*k. Calculate s(3).
-5
Let j(a) = a**2 - 4*a**2 + a**3 - 2*a**3 - 2*a**2 - 1. Suppose k - 20 = 5*k. Calculate j(k).
-1
Let b(q) = q + q - 6*q + 2*q - 3. What is b(-4)?
5
Let i(j) = j**2 + j + 4. Let s = 3 - 3. Give i(s).
4
Let w(h) be the first derivative of 3*h**2 - 5/6*h**3 + 2 - h + 1/12*h**4. Let p(z) be the first derivative of w(z). Give p(5).
6
Let g(j) = -j**2 + 1. Let n be 3 - 33/15 - 48/(-40). Calculate g(n).
-3
Let q(c) be the second derivative of 2*c - 1/12*c**4 + 0 + 5/6*c**3 - c**2. What is q(5)?
-2
Suppose 6 = -2*x - c, -6*c + 4*c - 8 = 0. Let y(v) = 4*v**3 + 3*v**3 + 6*v**3. Calculate y(x).
-13
Let r be (-188)/(-36) + (-2)/9. Let b(m) = 3*m**2 + 9*m**2 - r*m + 6*m. Calculate b(1).
13
Suppose 20 = -4*v - 0*v. Let w(f) = -9*f + 5. Let z(j) = -10*j + 6. Let l(g) = v*z(g) + 6*w(g). Calculate l(-3).
12
Let w be (-8)/3*(-1287)/44. Let o(u) = 77*u + 1 - w*u + 0. Calculate o(3).
-2
Let v(s) = -24*s + 12*s + 10*s + 6 + 3*s. What is v(-4)?
2
Let p(j) = -j**3 - 4*j**2 - 3*j - 4. Let w(y) = y**2 + 7*y - 4. Let l be w(-7). Give p(l).
8
Let h(a) = a + 1. Let c(s) = 5*s + 3. Let x(o) = c(o) - 4*h(o). Let i(u) = -u - 9. Let d be i(-8). Give x(d).
-2
Suppose 0*a = a - 2. Let f(y) be the third derivative of y**5/30 - y**4/12 + y**3/2 - 10*y**2. Give f(a).
7
Let q(b) = -7*b. Suppose 3 = -3*l - 0. What is q(l)?
7
Let h(o) = -o**3 + 7. Let k(z) = 2*z. Let s be k(0). Calculate h(s).
7
Let b = -5 - -2. Let a = 3 - 1. Let z(y) = -3*y + 5 + 4*y - 1 + a*y**2 + y**3. Determine z(b).
-8
Let i be 12/9 + 22/6. Let x(p) be the third derivative of -p**3 + 0*p + 0 + 1/24*p**4 + p**2. What is x(i)?
-1
Suppose -14*f - 6 = -16*f. Let w(s) = s + 2 - 3*s**3 + 3*s**3 + 3*s**2 - s**3. What is w(f)?
5
Suppose t + 2*t = d, t + 70 = 5*d. Suppose -3*y - 3*x - 15 = 0, -4*x + d = -3*y - 0*x. Let i = y + 4. Let n(r) = -6*r - 1. What is n(i)?
5
Let x be (1 - 1/2)*4. Let n(b) be the third derivative of b**5/20 - b**4/12 + b**3/6 + 42*b**2. What is n(x)?
9
Suppose u = -4*g - 3, 1 = 2*g - 7*g - 4*u. Let m(h) be the second derivative of -3*h + 0 - 2/3*h**3 + 1/2*h**2. Give m(g).
5
Let g(j) be the first derivative of j**2/2 + j - 4. Let f = 5 + -8. Give g(f).
-2
Let r(i) be the second derivative of 0 + 1/3*i**3 + 3*i + 0*i**2. Give r(-1).
-2
Suppose 2*j - j = -2*r + 2, -2*j + 2*r = 2. Suppose v - 4 = -j*v. Let f(y) = -y**2 + 4*y - 4. What is f(v)?
-4
Let z(a) = -7*a**3 - 4*a**2 - a + 7. Let m(w) = -6*w**3 - 3*w**2 - w + 6. Let f(p) = -6*m(p) + 5*z(p). Give f(2).
1
Let d(b) = -3*b + b - 4 + 3*b. Let o(s) = s + 4. Let f be o(-6). Let h = f - -7. Determine d(h).
1
Let q(h) = -6*h - 1. Let c be q(-1). Suppose 6*r - 4*r - 14 = 0. Let l(x) = -4*x**2 - r - 4*x**2 + 4*x**2 - 3*x + x**3. What is l(c)?
3
Let a(g) = g**2 + 7*g + 3. Let o be a(-7). Suppose -o*w - 2 + 14 = 0, 9 = 3*k + 3*w. Let y(n) be the first derivative of -4*n**3/3 - n**2/2 + 1. Calculate y(k).
-3
Let q(w) be the second derivative of -3*w - w**3 + 0 + 0*w**2 - 1/12*w**4. Determine q(-4).
8
Suppose -4*v = -12 - 0. Suppose -5*l = -v*i - 42, 6*l + 2*i = l + 22. Let q(j) = j - 1. Determine q(l).
5
Suppose 20 = 5*i + 2*b, -6*b + b + 20 = 5*i. Let y(j) = -3*j**2 + 4*j + 1. Give y(i).
-31
Let c(o) = 4*o - 6. Let t(v) = v. Let f(j) = c(j) - 6*t(j). Let l(y) = -4*y - 3. Let s be l(-2). Let k be 2/(-6)*(10 + s). Give f(k).
4
Let h(w) = -3*w. Let j be (1 - (-2)/(-6))*12. Suppose 0 = 4*d - 0*d - j. Give h(d).
-6
Let g(q) = 2*q - 7. Let m be (65/26)/(1/2). Give g(m).
3
Let d = 5 - 11. Let s(n) = -n**2 - 7*n + 1. Calculate s(d).
7
Let d(l) = -l - 4. Let q be d(-6). Let h(x) = 7*x - 7. Let c(g) = 4*g - 4. Let m(p) = -10*c(p) + 6*h(p). Calculate m(q).
2
Let n(y) = -y**2 - 4*y + 6. Suppose -2 = 3*k - 14. Suppose 0 = -k*o + o - 18. Determine n(o).
-6
Suppose -2*o - 4*z - z + 35 = 0, 3*z = 15. Let s(w) = 5*w + 2*w - o*w + 3. Calculate s(-3).
-3
Let t = 4 - 6. Let a(n) = -n + 12. Let v be a(10). Let r(x) = -6*x**2 + 0*x**2 + 3 - 2*x - 2 + v*x**2 - 2*x**3. Determine r(t).
5
Let j(p) = p**2 - 9*p - 2. Let v(a) = a**2 - 10*a - 1. Let g(o) = -5*j(o) + 4*v(o). Suppose 0 = -4*k + 20. What is g(k)?
6
Let o(b) = b. Let q be o(2). Let w(c) = -2*c**q - c**2 + 5*c**2 - c**2 - 3 - 6*c. Give w(3).
-12
Let j(u) = -u - 1. Suppose -b = -2*s - 0*s + 2, 4*s + 5*b = -24. Give j(s).
0
Let o(m) be the second derivative of -1/12*m**4 + 0 + 5/6*m**3 + 2*m - 5/2*m**2. Suppose -3*i + 8 = 2*v, -3*v - 9 = -i + 1. Calculate o(i).
-1
Let v(p) = p. Let g(d) = -5*d + 1. Suppose 2*n + y = 4*y - 27, -20 = -4*y. Let s = n + -5. Let o(f) = s*v(f) - 2*g(f). Give o(-2).
0
Let q(n) = n. Let c(f) = -7*f + 4. Let y(m) = c(m) + 6*q(m). Let w(x) = x - 1. Let d be w(5). Suppose 0*s + 6 = d*z - 5*s, 0 = -z + 3*s - 2. What is y(z)?
0
Let m(p) = -7 + p**2 + 6 - p + 0 + p**3. Let z(a) = a + 7. Let b be z(-4). Suppose 2*f = q + b*f + 4, 0 = -2*q + 2*f. Determine m(q).
-3
Let r(v) = 0 + 5*v - 3*v + 0. Calculate r(-1).
-2
Let z(r) = -2*r**3. Let u = -6 - -4. Give z(u).
16
Let n(x) = 24*x**3 + x**2. Let g be n(1). Suppose -r + 5 = -2*f, 4*f + g = -r - 0*r. Let a(k) = -k**3 - 5*k**2 + 3. Give a(r).
3
Suppose -4*n + 3 = 23. Let g(f) = -3*f + 4. Let s(l) = -5 + 3*l + 3*l - 2*l. Let d(y) = n*g(y) - 4*s(y). Give d(1).
-1
Let l(h) = -h**3 + h**2 - h - 1. Suppose d - 5 = -3. Determine l(d).
-7
Let w = 146 + -143. Let s(i) = i**2 - i - 1. Let h = -3 + 6. Let c(x) = -4*x**2 + 4*x + 5. Let l(t) = h*s(t) + c(t). Give l(w).
-4
Let z(k) = k**2 - k. Let f(m) = -3*m**2 + 2*m + 2. Let p(t) = -f(t) - 6*z(t). Let c = -15 - -17. Determine p(c).
-6
Suppose 3*o - 24 = 4*p + 6*o, 24 = -4*p + o. Let z(x) = -x**2 - 7*x - 5. Let a be z(p). Let g(y) = -8*y - 1. Give g(a).
-9
Let p(f) = 162*f - 79*f - 80*f - 1. Give p(-2).
-7
Suppose -a - 8 = a, 22 = 3*q - 4*a. Let p(z) be the second derivative of -z**3/3 + z**2 + 31*z. Calculate p(q).
-2
Let m(s) = -s**3 - 2*s**2 - 3*s. Let l = 28 + -31. What is m(l)?
18
Let o(g) = 8 + 0*g**2 + 2*g - 2*g**3 - g**2 - 9. Give o(-2).
7
Let w = -6 + 2. Let k(n) = -3*n + 11. Let j(u) = 4*u - 12. Let m(b) = w*j(b) - 5*k(b). Give m(-6).
-1
Let a(v) = -v**2 + 4*v. Let s be a(3). Let n(p) = -2 + 12*p**2 - 7 - 7*p**2 + s - p**3. Give n(5).
-6
Let s = 1 - 2. Let f(v) be the second derivative of -3*v - 1/6*v**3 - 5/12*v**4 - 1/2*v**2 + 0. What is f(s)?
-5
Let s(f) = -6*f**2 - 41*f - 1. Let x(k) be the third derivative of k**5/60 + k**4/3 - 3*k**2. Let i(c) = -2*s(c) - 11*x(c). What is i(5)?
-3
Let o be (16/20)/(4/50). Suppose 3*q = -c - 2*c - 3, 5*q + 4*c = -o. Let h(t) = t**2 + 5*t - 2. What is h(q)?
4
Let j(a) be the third derivative of -a**5/60 - a**4/6 - a**3/6 - 3*a**2. Determine j(-4).
-1
Let s(z) be the first derivative of 3 - 2/3*z**3 - z - 1/2*z**2. Calculate s(-2).
-7
Let n = 12 - 12. Let x(y) = -y**2 + 4*y + 5. Let q(o) = o**2 - 5*o - 6. Let p(v) = 5*q(v) + 6*x(v). What is p(n)?
0
Let s(n) = 3*n**2 + 9 + 2 - 10 - 2*n - n**2. Give s(2).
5
Let m(k) be the third derivative of k**6/120 + k**5/15 - k**4/6 + 45*k**2. Determine m(-4).
16
Let z(b) be the second derivative of -b**5/20 - 7*b**4/12 - b**3 + 3*b**2 - 11*b. Determine z(-6).
6
Suppose -7 = -s - 3*u, -4*u = s + 2*s - 16. Let g(m) = 3 + 4*m**2 - s*m**3 + 4*m + 3*m**3 + 5*m**3 - 5*m**3. Let x be ((-5)/2)/((-1)/2). Determine g(x).
-2
Suppose 2*g - 6 = -0, 4*m = 2*g + 2. Suppose -5*p - b + m*b = 16, 0 = -3*p + b - 8. Let a(v) = -v**3 - 5*v**2 - 3*v - 3. What is a(p)?
-7
Let a(m) be the second derivative of -m**3/6 + 5*m**2 - m. Let l be a(8). Suppose o = l*o. Let s(n) = -n**3 - n + 3. What is s(o)?
3
Suppose 0*z - 4*z = 0. Let k(o) = z*o**3 - 5*o**2 + 4*o - 2 + 4*o**2 - 5*o + o**3. What is k(2)?
0
Let h(p) = p**3 - 10. Suppose 3 - 13 = 2